 is the units digit of 2858589?
9
What is the hundred thousands digit of 4116223?
1
What is the thousands digit of 44966?
4
What is the units digit of 149?
9
What is the hundred thousands digit of 323038?
3
What is the tens digit of 782043?
4
What is the hundred thousands digit of 1196981?
1
What is the hundreds digit of 784515?
5
What is the hundred thousands digit of 236140?
2
What is the ten thousands digit of 494178?
9
What is the hundreds digit of 29255708?
7
What is the hundred thousands digit of 3154293?
1
What is the units digit of 441581?
1
What is the ten thousands digit of 14774940?
7
What is the tens digit of 1181528?
2
What is the thousands digit of 16084099?
4
What is the units digit of 1153526?
6
What is the units digit of 17330251?
1
What is the hundreds digit of 362136?
1
What is the hundreds digit of 59112?
1
What is the hundred thousands digit of 1669614?
6
What is the ten thousands digit of 770266?
7
What is the units digit of 4069133?
3
What is the millions digit of 36471663?
6
What is the ten thousands digit of 4063947?
6
What is the ten thousands digit of 15422144?
2
What is the millions digit of 2325289?
2
What is the ten thousands digit of 526923?
2
What is the millions digit of 2962049?
2
What is the units digit of 380016?
6
What is the tens digit of 20167436?
3
What is the tens digit of 1734579?
7
What is the hundred thousands digit of 116998?
1
What is the hundred thousands digit of 263786?
2
What is the hundreds digit of 161021?
0
What is the ten thousands digit of 787444?
8
What is the thousands digit of 750648?
0
What is the hundreds digit of 1660989?
9
What is the millions digit of 7157426?
7
What is the units digit of 572294?
4
What is the hundred thousands digit of 626959?
6
What is the thousands digit of 735023?
5
What is the hundreds digit of 485213?
2
What is the tens digit of 51603?
0
What is the ten thousands digit of 10803?
1
What is the tens digit of 610554?
5
What is the millions digit of 12310886?
2
What is the millions digit of 4850741?
4
What is the hundreds digit of 230082?
0
What is the ten thousands digit of 404637?
0
What is the hundreds digit of 1487347?
3
What is the ten millions digit of 10501310?
1
What is the millions digit of 4855812?
4
What is the tens digit of 358424?
2
What is the hundreds digit of 26140?
1
What is the millions digit of 1787951?
1
What is the thousands digit of 1004617?
4
What is the units digit of 326722?
2
What is the hundred thousands digit of 143414?
1
What is the tens digit of 30338306?
0
What is the hundred thousands digit of 1000612?
0
What is the tens digit of 2571684?
8
What is the tens digit of 4882388?
8
What is the thousands digit of 6034940?
4
What is the units digit of 151965?
5
What is the thousands digit of 7405?
7
What is the thousands digit of 377075?
7
What is the tens digit of 924753?
5
What is the thousands digit of 399365?
9
What is the tens digit of 619893?
9
What is the ten thousands digit of 1485347?
8
What is the hundreds digit of 534728?
7
What is the units digit of 41429?
9
What is the units digit of 12902297?
7
What is the hundred thousands digit of 191521?
1
What is the tens digit of 303464?
6
What is the hundreds digit of 10039789?
7
What is the ten thousands digit of 9626088?
2
What is the units digit of 18587202?
2
What is the units digit of 964962?
2
What is the ten thousands digit of 35067?
3
What is the thousands digit of 375415?
5
What is the millions digit of 4143888?
4
What is the tens digit of 70434?
3
What is the tens digit of 2199024?
2
What is the hundred thousands digit of 17462051?
4
What is the units digit of 159508?
8
What is the units digit of 19247086?
6
What is the hundreds digit of 134312?
3
What is the tens digit of 15225720?
2
What is the thousands digit of 797886?
7
What is the ten thousands digit of 15102051?
0
What is the hundred thousands digit of 658201?
6
What is the thousands digit of 1633083?
3
What is the ten thousands digit of 581770?
8
What is the millions digit of 1306863?
1
What is the hundred thousands digit of 514598?
5
What is the hundred thousands digit of 3243270?
2
What is the hundreds digit of 60543?
5
What is the ten thousands digit of 572412?
7
What is the ten thousands digit of 716398?
1
What is the ten millions digit of 12084107?
1
What is the hundred thousands digit of 579128?
5
What is the tens digit of 3032170?
7
What is the hundreds digit of 7282488?
4
What is the units digit of 1273023?
3
What is the hundred thousands digit of 168921?
1
What is the hundreds digit of 1146236?
2
What is the millions digit of 9992631?
9
What is the hundreds digit of 1406430?
4
What is the units digit of 124821?
1
What is the units digit of 1380207?
7
What is the thousands digit of 137160?
7
What is the ten thousands digit of 8541364?
4
What is the units digit of 14144806?
6
What is the thousands digit of 5662317?
2
What is the ten thousands digit of 311357?
1
What is the ten thousands digit of 818725?
1
What is the hundred thousands digit of 589698?
5
What is the tens digit of 8357022?
2
What is the millions digit of 14426873?
4
What is the tens digit of 16020236?
3
What is the hundreds digit of 33757?
7
What is the thousands digit of 930458?
0
What is the ten thousands digit of 286452?
8
What is the millions digit of 13333238?
3
What is the thousands digit of 23207681?
7
What is the hundreds digit of 89213?
2
What is the tens digit of 253665?
6
What is the units digit of 154490?
0
What is the ten thousands digit of 750949?
5
What is the tens digit of 64679?
7
What is the units digit of 16027335?
5
What is the ten thousands digit of 691739?
9
What is the ten thousands digit of 73252?
7
What is the units digit of 6015317?
7
What is the tens digit of 32257926?
2
What is the tens digit of 1720203?
0
What is the ten thousands digit of 1191818?
9
What is the thousands digit of 98969?
8
What is the thousands digit of 7856164?
6
What is the hundred thousands digit of 711831?
7
What is the hundred thousands digit of 530907?
5
What is the units digit of 1107014?
4
What is the ten thousands digit of 140222?
4
What is the thousands digit of 1917067?
7
What is the hundred thousands digit of 743737?
7
What is the thousands digit of 1384581?
4
What is the thousands digit of 120989?
0
What is the units digit of 1433350?
0
What is the units digit of 2069871?
1
What is the tens digit of 780247?
4
What is the tens digit of 477466?
6
What is the units digit of 2717381?
1
What is the units digit of 6627741?
1
What is the hundred thousands digit of 7692881?
6
What is the tens digit of 3695402?
0
What is the hundreds digit of 130865?
8
What is the hundreds digit of 4074781?
7
What is the tens digit of 1754647?
4
What is the units digit of 2666357?
7
What is the tens digit of 3723547?
4
What is the hundred thousands digit of 243895?
2
What is the ten thousands digit of 165211?
6
What is the hundreds digit of 256539?
5
What is the ten thousands digit of 10581?
1
What is the hundred thousands digit of 436210?
4
What is the millions digit of 8271254?
8
What is the hundreds digit of 2137723?
7
What is the ten thousands digit of 2751425?
5
What is the units digit of 64262?
2
What is the units digit of 1174145?
5
What is the tens digit of 7072253?
5
What is the ten thousands digit of 1021755?
2
What is the hundred thousands digit of 203920?
2
What is the ten thousands digit of 41567?
4
What is the thousands digit of 933916?
3
What is the tens digit of 14173802?
0
What is the ten thousands digit of 1156856?
5
What is the hundreds digit of 506204?
2
What is the thousands digit of 53314?
3
What is the ten thousands digit of 458308?
5
What is the tens digit of 156706?
0
What is the units digit of 6387831?
1
What is the hundreds digit of 3476837?
8
What is the millions digit of 1802373?
1
What is the tens digit of 1750872?
7
What is the ten thousands digit of 1206714?
0
What is the hundreds digit of 49890?
8
What is the units digit of 1135624?
4
What is the thousands digit of 3445735?
5
What is the thousands digit of 3700993?
0
What is the millions digit of 8974018?
8
What is the thousands digit of 546305?
6
What is the units digit of 332588?
8
What is the millions digit of 2255565?
2
What is the units digit of 15202940?
0
What is the un